s divided by 37.
27
Calculate the remainder when 178 is divided by 41.
14
What is the remainder when 51 is divided by 2?
1
What is the remainder when 86986 is divided by 11?
9
Calculate the remainder when 4679 is divided by 195.
194
What is the remainder when 1206 is divided by 61?
47
Calculate the remainder when 1323 is divided by 198.
135
What is the remainder when 56 is divided by 14?
0
What is the remainder when 71 is divided by 55?
16
What is the remainder when 3408 is divided by 1134?
6
What is the remainder when 144 is divided by 3?
0
What is the remainder when 48 is divided by 22?
4
What is the remainder when 203 is divided by 115?
88
What is the remainder when 154 is divided by 40?
34
What is the remainder when 22047 is divided by 126?
123
What is the remainder when 21622 is divided by 51?
49
Calculate the remainder when 463 is divided by 59.
50
Calculate the remainder when 1643 is divided by 446.
305
What is the remainder when 315 is divided by 190?
125
Calculate the remainder when 68 is divided by 7.
5
Calculate the remainder when 1760 is divided by 196.
192
What is the remainder when 1125 is divided by 291?
252
Calculate the remainder when 223 is divided by 53.
11
Calculate the remainder when 70 is divided by 12.
10
What is the remainder when 103 is divided by 26?
25
What is the remainder when 33 is divided by 28?
5
Calculate the remainder when 38 is divided by 17.
4
Calculate the remainder when 174 is divided by 93.
81
What is the remainder when 136 is divided by 41?
13
What is the remainder when 549 is divided by 29?
27
What is the remainder when 2252 is divided by 30?
2
Calculate the remainder when 70 is divided by 36.
34
Calculate the remainder when 43 is divided by 22.
21
Calculate the remainder when 14526 is divided by 87.
84
Calculate the remainder when 156 is divided by 23.
18
What is the remainder when 84 is divided by 18?
12
Calculate the remainder when 6393 is divided by 13.
10
What is the remainder when 1025 is divided by 27?
26
Calculate the remainder when 136 is divided by 18.
10
Calculate the remainder when 102 is divided by 53.
49
Calculate the remainder when 4 is divided by 1.
0
Calculate the remainder when 121 is divided by 39.
4
Calculate the remainder when 222 is divided by 47.
34
What is the remainder when 233 is divided by 30?
23
Calculate the remainder when 632 is divided by 141.
68
What is the remainder when 1367 is divided by 39?
2
Calculate the remainder when 177 is divided by 10.
7
What is the remainder when 190 is divided by 124?
66
What is the remainder when 5095 is divided by 15?
10
What is the remainder when 10096 is divided by 15?
1
Calculate the remainder when 1117 is divided by 10.
7
What is the remainder when 182 is divided by 47?
41
What is the remainder when 1125 is divided by 27?
18
Calculate the remainder when 177 is divided by 18.
15
What is the remainder when 4902 is divided by 22?
18
What is the remainder when 179 is divided by 62?
55
What is the remainder when 82 is divided by 32?
18
Calculate the remainder when 59 is divided by 9.
5
What is the remainder when 989 is divided by 22?
21
What is the remainder when 2249 is divided by 150?
149
Calculate the remainder when 3480 is divided by 52.
48
What is the remainder when 3190 is divided by 795?
10
What is the remainder when 716 is divided by 19?
13
What is the remainder when 1882 is divided by 381?
358
Calculate the remainder when 307 is divided by 77.
76
Calculate the remainder when 603 is divided by 10.
3
What is the remainder when 31 is divided by 8?
7
Calculate the remainder when 2308 is divided by 165.
163
Calculate the remainder when 741 is divided by 105.
6
Calculate the remainder when 97 is divided by 25.
22
What is the remainder when 35 is divided by 3?
2
Calculate the remainder when 120 is divided by 42.
36
Calculate the remainder when 235 is divided by 7.
4
Calculate the remainder when 94 is divided by 32.
30
What is the remainder when 169 is divided by 28?
1
Calculate the remainder when 243 is divided by 6.
3
Calculate the remainder when 748 is divided by 80.
28
Calculate the remainder when 84 is divided by 23.
15
What is the remainder when 1736 is divided by 13?
7
Calculate the remainder when 906 is divided by 185.
166
What is the remainder when 48 is divided by 2?
0
Calculate the remainder when 263 is divided by 77.
32
What is the remainder when 235 is divided by 60?
55
What is the remainder when 335 is divided by 34?
29
What is the remainder when 548 is divided by 23?
19
Calculate the remainder when 379 is divided by 19.
18
What is the remainder when 3447 is divided by 216?
207
Calculate the remainder when 1394 is divided by 21.
8
Calculate the remainder when 135 is divided by 68.
67
Calculate the remainder when 10457 is divided by 126.
125
What is the remainder when 255 is divided by 33?
24
What is the remainder when 16673 is divided by 145?
143
Calculate the remainder when 214 is divided by 82.
50
What is the remainder when 60 is divided by 25?
10
Calculate the remainder when 237 is divided by 15.
12
Calculate the remainder when 214 is divided by 31.
28
Calculate the remainder when 922 is divided by 77.
75
What is the remainder when 78 is divided by 57?
21
Calculate the remainder when 1652 is divided by 36.
32
What is the remainder when 109 is divided by 88?
21
Calculate the remainder when 135 is divided by 28.
23
Calculate the remainder when 21 is divided by 19.
2
Calculate the remainder when 394 is divided by 15.
4
Calculate the remainder when 10931 is divided by 81.
77
Calculate the remainder when 201 is divided by 21.
12
What is the remainder when 1162 is divided by 24?
10
What is the remainder when 587 is divided by 49?
48
What is the remainder when 76 is divided by 27?
22
Calculate the remainder when 1115 is divided by 22.
15
What is the remainder when 350 is divided by 74?
54
Calculate the remainder when 3594 is divided by 124.
122
What is the remainder when 1436 is divided by 90?
86
What is the remainder when 273 is divided by 40?
33
Calculate the remainder when 40 is divided by 22.
18
What is the remainder when 940 is divided by 8?
4
Calculate the remainder when 304 is divided by 73.
12
What is the remainder when 456 is divided by 275?
181
What is the remainder when 131 is divided by 46?
39
What is the remainder when 146 is divided by 39?
29
What is the remainder when 292 is divided by 53?
27
What is the remainder when 121 is divided by 29?
5
What is the remainder when 1132 is divided by 126?
124
Calculate the remainder when 1223 is divided by 175.
173
Calculate the remainder when 32 is divided by 23.
9
Calculate the remainder when 523 is divided by 59.
51
Calculate the remainder when 3389 is divided by 10.
9
What is the remainder when 483 is divided by 61?
56
What is the remainder when 674 is divided by 362?
312
Calculate the remainder when 79 is divided by 8.
7
Calculate the remainder when 147 is divided by 22.
15
Calculate the remainder when 1117 is divided by 138.
13
Calculate the remainder when 879 is divided by 14.
11
What is the remainder when 596 is divided by 149?
0
Calculate the remainder when 2051 is divided by 57.
56
What is the remainder when 146 is divided by 33?
14
What is the remainder when 137 is divided by 81?
56
What is the remainder when 1767 is divided by 583?
18
Calculate the remainder when 19 is divided by 6.
1
Calculate the remainder when 259 is divided by 33.
28
What is the remainder when 264 is divided by 128?
8
What is the remainder when 2300 is divided by 12?
8
What is the remainder when 761 is divided by 77?
68
Calculate the remainder when 131 is divided by 36.
23
What is the remainder when 117 is divided by 50?
17
Calculate the remainder when 159 is divided by 39.
3
Calculate the remainder when 321 is divided by 84.
69
Calculate the remainder when 21522 is divided by 35.
32
What is the remainder when 82 is divided by 43?
39
What is the remainder when 228 is divided by 191?
37
What is the remainder when 180 is divided by 37?
32
What is the remainder when 121 is divided by 47?
27
Calculate the remainder when 2655 is divided by 30.
15
What is the remainder when 551 is divided by 178?
17
What is the remainder when 114 is divided by 107?
7
What is the remainder when 2625 is divided by 1